{"version":"1.0","provider_name":"Patrick DENIS Photographe","provider_url":"https:\/\/www.patrickdenis.info\/WordPress3","author_name":"Patrick DENIS","author_url":"https:\/\/www.patrickdenis.info\/WordPress3\/author\/admin\/","title":"Cie Vilcanota - People what People ? - Avignon 2022 - Patrick DENIS Photographe","type":"rich","width":600,"height":338,"html":"<blockquote class=\"wp-embedded-content\" data-secret=\"nU4EAwvwVi\"><a href=\"https:\/\/www.patrickdenis.info\/WordPress3\/cie-vilcanota-people-what-people-avignon-2022\/\">Cie Vilcanota &#8211; People what People ? &#8211; Avignon 2022<\/a><\/blockquote><iframe sandbox=\"allow-scripts\" security=\"restricted\" src=\"https:\/\/www.patrickdenis.info\/WordPress3\/cie-vilcanota-people-what-people-avignon-2022\/embed\/#?secret=nU4EAwvwVi\" width=\"600\" height=\"338\" title=\"\u00ab\u00a0Cie Vilcanota &#8211; People what People ? &#8211; Avignon 2022\u00a0\u00bb &#8212; Patrick DENIS Photographe\" data-secret=\"nU4EAwvwVi\" frameborder=\"0\" marginwidth=\"0\" marginheight=\"0\" scrolling=\"no\" class=\"wp-embedded-content\"><\/iframe><script>\n\/*! This file is auto-generated *\/\n!function(d,l){\"use strict\";l.querySelector&&d.addEventListener&&\"undefined\"!=typeof URL&&(d.wp=d.wp||{},d.wp.receiveEmbedMessage||(d.wp.receiveEmbedMessage=function(e){var t=e.data;if((t||t.secret||t.message||t.value)&&!\/[^a-zA-Z0-9]\/.test(t.secret)){for(var s,r,n,a=l.querySelectorAll('iframe[data-secret=\"'+t.secret+'\"]'),o=l.querySelectorAll('blockquote[data-secret=\"'+t.secret+'\"]'),c=new RegExp(\"^https?:$\",\"i\"),i=0;i<o.length;i++)o[i].style.display=\"none\";for(i=0;i<a.length;i++)s=a[i],e.source===s.contentWindow&&(s.removeAttribute(\"style\"),\"height\"===t.message?(1e3<(r=parseInt(t.value,10))?r=1e3:~~r<200&&(r=200),s.height=r):\"link\"===t.message&&(r=new URL(s.getAttribute(\"src\")),n=new URL(t.value),c.test(n.protocol))&&n.host===r.host&&l.activeElement===s&&(d.top.location.href=t.value))}},d.addEventListener(\"message\",d.wp.receiveEmbedMessage,!1),l.addEventListener(\"DOMContentLoaded\",function(){for(var e,t,s=l.querySelectorAll(\"iframe.wp-embedded-content\"),r=0;r<s.length;r++)(t=(e=s[r]).getAttribute(\"data-secret\"))||(t=Math.random().toString(36).substring(2,12),e.src+=\"#?secret=\"+t,e.setAttribute(\"data-secret\",t)),e.contentWindow.postMessage({message:\"ready\",secret:t},\"*\")},!1)))}(window,document);\n<\/script>\n","thumbnail_url":"https:\/\/www.patrickdenis.info\/WordPress3\/wp-content\/uploads\/2022\/10\/IMG_5700.jpg","thumbnail_width":2048,"thumbnail_height":1367,"description":"Festival d&#8217;Avignon OFF &#8211; &#8220;People what People\u00a0?&#8221; Un \u00e9norme coup de c\u0153ur Apr\u00e8s l\u2019\u00e9norme succ\u00e8s obtenu l\u2019an dernier aux Hivernales pour \u00ab\u00a0Tumultes\u00a0\u00bb, La Cie Vilcanota revient avec \u00ab\u00a0People what People\u00a0?\u00a0\u00bb une cr\u00e9ation chor\u00e9graphique plus ancienne mais qui avait \u00e9t\u00e9 stopp\u00e9e net par la crise du Covid. Bruno Pradet le chor\u00e9graphe a choisi de donner une [&hellip;]"}

Festival d&#8217;Avignon OFF &#8211; &#8220;People what People ?&#8221; Un énorme coup de cœur Après l’énorme succès obtenu l’an dernier aux Hivernales pour « Tumultes », La Cie Vilcanota revient avec « People what People ? » une création chorégraphique plus ancienne mais qui avait été stoppée net par la crise du Covid. Bruno Pradet le chorégraphe a choisi de donner une [&hellip;]
